{"id":478,"date":"2026-02-04T15:16:50","date_gmt":"2026-02-04T14:16:50","guid":{"rendered":"https:\/\/r\u00f8kind.dk\/?page_id=478"},"modified":"2026-05-11T09:09:06","modified_gmt":"2026-05-11T07:09:06","slug":"om-den-indledende-konsultation","status":"publish","type":"page","link":"https:\/\/r\u00f8kind.dk\/?page_id=478","title":{"rendered":"Naturmedicinsk behandling"},"content":{"rendered":"\n<p><strong>DEN NATURMEDICINSKE UDREDNING<\/strong><br>For at danne et overblik starter vi op med en samtale, hvor vi gennemg\u00e5r din helbredshistorie. <br>En barndom med gentagne infektioner, eller tidligere skader kan tr\u00e6kke tr\u00e5de til nuv\u00e6rende problematikker, og give en bedre id\u00e9 om hvor vi skal starte. Herefter laver jeg en klinisk unders\u00f8gelse. Det svarer til et godt \u201dgammeldaws l\u00e6getjek\u201d hvor jeg bl.a. tager blodtryk, lytter p\u00e5 lunger og hjerte m.m. Forbered dig derfor p\u00e5 at skulle tage noget af t\u00f8jet af.<br>I naturmedicinen bruger vi ogs\u00e5 iris som reference, da \u00f8jet kan fort\u00e6lle om tilstande i dit bindev\u00e6v, og hvilke udfordringer du er s\u00e6rligt disponibel for.<br>Vi analyserer, tester sk\u00e6vheder i kroppen (posturologi) og unders\u00f8ger\/daignosticerer problemfelter og evt. terapiblokeringer via auriculoterapi.<br>Med alle disse informationer, samt med udgangspunkt i dine m\u00e5l, \u00f8nsker og dit overskud,s\u00e6tter vi en plan igang for at f\u00e5 din krop tilbage i balance (hom\u00f8ostase).<br><br><strong>Hvor l\u00e6nge varer den indledende konsultation?<\/strong><br>En indledende konsultation vil typisk have en varighed af 1\u00bd-2 timer + opf\u00f8lgende samtale pr. tlf. og\/eller mail med opsummering og behandlingsplan.<\/p>\n\n\n\n<p><strong>Indk\u00f8b af naturmedicin<\/strong><br>Beregn et bel\u00f8b til naturmedicin og kosttilskud ved opstart af behandling. <br>Jeg s\u00e6lger ikke pro\u00addukter, men kan hj\u00e6lpe dig i forbindelse med bestilling.<br><br><strong>Hvis du har sp\u00f8rgsm\u00e5l<\/strong><br>N\u00e5r kommer hjem er der m\u00e5ske ting du bliver i tvivl om, og du er derfor altid velkommen til at skrive eller ringe og f\u00e5 svar p\u00e5 sp\u00f8rgsm\u00e5l vedr\u00f8rende den igangv\u00e6rende behandling.<br><\/p>\n\n\n\n<p><strong>OPF\u00d8LGENDE KONSULTATION OG BEHANDLING<\/strong><br>De f\u00f8lgende konsultationer vil v\u00e6re kortere og mere behandlingsorienterede. Vi f\u00f8lger op p\u00e5 forl\u00f8bet siden sidst og tilretter det videre forl\u00f8b. Supplerende gives manuel terapi for at s\u00e6tte ekstra skub i processen. Det kan v\u00e6re for eksempel v\u00e6re \u00f8reakupunktur, sugekopterapi, lysbehandling eller kinesiologisk traumekorrektion og energiafbalancering. En opf\u00f8lgende konsultation vil typisk vare op til en time.<\/p>\n\n\n\n<p><strong>Hvor l\u00e6nge skal du regne med at v\u00e6re i behandling?<\/strong><br>Et forl\u00f8b kan have forskellige varigheder alt efter helbredsproblematikken. Hvis din helbredsproblematik af alvorlig karakter kan henvisning til specialister undervejs blive n\u00f8dvendigt. Nogle behandlinger kr\u00e6ver at kroppens afgiftning f\u00f8rst bliver sat godt i gang for at l\u00e6gemidler virker optimalt. Det vigtigste er at du er aktivt med og behandlingen foreg\u00e5r i et tempo der matcher dit overskud. <br>Akutte problematikker og skader kan nogle gange klares ved en enkelt konsultation eller to, med anvisning p\u00e5 naturmedicinske midler o.a. Her kr\u00e6ves der ikke en lang udredning.<\/p>\n\n\n\n<h2 class=\"wp-block-heading\"><strong>Kinergetics RESET<\/strong><\/h2>\n\n\n\n<p>Kroppen er omgivet af elektromagnetiske felter, hvor gamle traumer og skader, b\u00e5de fysisk og f\u00f8lelsesm\u00e6ssigt, kan sidde og blokere for helingsprocesser. Via muskeltest (en &#8220;kommunikation&#8221; mellem mig og din krop) afkoder og afbalancerer jeg blokerede energier i kroppen. En s\u00e5dan behandling i sig selv, kan mobilisere nye kr\u00e6fter og energi i kroppen og give fornyet livsmod og gl\u00e6de.<\/p>\n\n\n\n<p>En kinesiologisk afbalancering kan indg\u00e5 i en opf\u00f8lgende naturmedicinsk behandling eller ogs\u00e5 bestilles selvst\u00e6ndigt. I s\u00e5 fald er der bedre tid til at n\u00e5 i dybden med korrektionerne. Typisk vil det tage 60 &#8211; 90 minutter f\u00f8r kroppen selv markerer at sessionen er ovre. <\/p>\n\n\n\n<p>Prisen er pr. behandling &#8211; men varer det mere end 1\u00bd time afsluttes sessionen og en ny tid kan aftales.<\/p>\n\n\n\n<h2 class=\"wp-block-heading\"><strong>Betalingsmuligheder<\/strong><\/h2>\n\n\n\n<p>I klinikken kan du betale kontant, med visa\/dankort eller du kan forudbetale via kontooverf\u00f8rsel.<br><br><strong>Str\u00e5lingsfri lokaler<\/strong><br>Vores kliniklokaler er str\u00e5lingsfri og du vil derfor ogs\u00e5 blive bedt om at slukke mobil, iPad og smart-watch under konsultationerne. Livsopretholdende apparater er dog undtaget.<\/p>\n\n\n\n<p><strong>KLINIKKENS ADRESSE<\/strong><br>Hundstrupvej 38, 5750 Ringe<\/p>\n","protected":false},"excerpt":{"rendered":"<p>DEN NATURMEDICINSKE UDREDNINGFor at danne et overblik starter vi op med en samtale, hvor vi gennemg\u00e5r din helbredshistorie. En barndom med gentagne infektioner, eller tidligere skader kan tr\u00e6kke tr\u00e5de til nuv\u00e6rende problematikker, og give en bedre id\u00e9 om hvor vi skal starte. Herefter laver jeg en klinisk unders\u00f8gelse. Det svarer til et godt \u201dgammeldaws l\u00e6getjek\u201d [&hellip;]<\/p>\n","protected":false},"author":1,"featured_media":0,"parent":0,"menu_order":0,"comment_status":"closed","ping_status":"closed","template":"","meta":{"footnotes":""},"class_list":["post-478","page","type-page","status-publish","hentry","post"],"_links":{"self":[{"href":"https:\/\/r\u00f8kind.dk\/index.php?rest_route=\/wp\/v2\/pages\/478","targetHints":{"allow":["GET"]}}],"collection":[{"href":"https:\/\/r\u00f8kind.dk\/index.php?rest_route=\/wp\/v2\/pages"}],"about":[{"href":"https:\/\/r\u00f8kind.dk\/index.php?rest_route=\/wp\/v2\/types\/page"}],"author":[{"embeddable":true,"href":"https:\/\/r\u00f8kind.dk\/index.php?rest_route=\/wp\/v2\/users\/1"}],"replies":[{"embeddable":true,"href":"https:\/\/r\u00f8kind.dk\/index.php?rest_route=%2Fwp%2Fv2%2Fcomments&post=478"}],"version-history":[{"count":35,"href":"https:\/\/r\u00f8kind.dk\/index.php?rest_route=\/wp\/v2\/pages\/478\/revisions"}],"predecessor-version":[{"id":708,"href":"https:\/\/r\u00f8kind.dk\/index.php?rest_route=\/wp\/v2\/pages\/478\/revisions\/708"}],"wp:attachment":[{"href":"https:\/\/r\u00f8kind.dk\/index.php?rest_route=%2Fwp%2Fv2%2Fmedia&parent=478"}],"curies":[{"name":"wp","href":"https:\/\/api.w.org\/{rel}","templated":true}]}}